v + w*l + 52. Calculate the remainder when 26 is divided by v.
12
Let p = 5 + -1. Let b(f) = f - 5. Let n be b(p). What is the remainder when 1/(1/35) - n is divided by 19?
17
Let r = -76 - -132. Suppose 5*d = d + r. Calculate the remainder when 52 is divided by d.
10
Let g = 3 + -4. Let i be -2*(51/(-6) + g). Suppose 0*k - k + i = 0. Calculate the remainder when 55 is divided by k.
17
Suppose 28 - 5 = -w. Let d = w - -77. What is the remainder when d is divided by 14?
12
Suppose 0 = -2*k - 10, g + 16 = -g - 2*k. Let u be 11 - (-2 - g - 0). Suppose 4*q - 2 = u. What is the remainder when 7 is divided by q?
1
Let s(h) = h**2 + 5*h - 3. Let k be s(-5). Let x = k - -28. Suppose 0 = -20*g + 34*g - 196. Calculate the remainder when x is divided by g.
11
Suppose -5*v = -h + 24, h + 2*v = v + 12. Calculate the remainder when 26 is divided by h.
12
Let x = 30 - 24. What is the remainder when 65 is divided by x?
5
Suppose 2*o = -l + 5, -2*l + 3*o = -1 - 2. Suppose -2*g - 10 = 0, -2*x - 2*g = l*g - 23. Calculate the remainder when x is divided by 9.
6
Let h(i) = 3 - 1 - 3 + 5*i**3 + 2. Calculate the remainder when h(1) is divided by 4.
2
Let m = 13 + 2. Calculate the remainder when 25 is divided by m.
10
Let x(v) = -2*v**3 - 3*v**2 + 2. What is the remainder when 0/(-1) - 44/(-2) is divided by x(-2)?
4
Let y be (2 + -45)*(3 - 0). What is the remainder when y/9*(1 - 4) is divided by (-276)/(-18) + 1/(-3)?
13
Let u(h) = -h + 1. Let r = -68 - -102. Suppose -2*j - 5*f + r = 0, -24 = -4*j + 5*f - 4*f. Calculate the remainder when j is divided by u(-2).
1
Let s(j) = j**2 + 6*j + 6. Let a be s(-6). Suppose -a*x + 25 = -x. Let q(l) = -l**2 - 4*l. What is the remainder when x is divided by q(-3)?
2
Let m = 32 - 2. Calculate the remainder when m is divided by 11.
8
Let u(i) = i**3 - 10*i**2 - 10*i + 5. Calculate the remainder when 45 is divided by u(11).
13
Let o(v) = 29*v**2 - 2*v + 1. Let a be o(1). Suppose 2*p = 6*p - a. Suppose 0*m + 64 = 4*k - 4*m, k = -4*m - 4. Calculate the remainder when k is divided by p.
5
Suppose 5*d + 1 - 11 = -5*k, 0 = 5*d + k - 30. Calculate the remainder when -52*30/20*2/(-6) is divided by d.
5
Suppose 3*m + m - 30 = -2*j, -3*m = -5*j + 10. What is the remainder when 17 is divided by j?
2
Let i = 4 - -1. Suppose -i*v + 16 = -3*v. Suppose l = -5*o - 4*l + 5, -v = 2*l. Calculate the remainder when o is divided by 3.
2
What is the remainder when 89 is divided by (-62)/4*(-11)/(11/2)?
27
Let b = -10 + 7. Let d(t) = -2*t - 3*t**2 + 5*t**2 + 3*t. Calculate the remainder when d(b) is divided by 8.
7
Let r = 8 + -13. Let b(t) = 3*t**2 + t + 4. Let g be b(r). What is the remainder when (g/4)/((-2)/(-4)) is divided by 13?
11
Let v(u) = -u**2 - 6*u + 3. Suppose -5*o + 92 = -o. Calculate the remainder when o is divided by v(-5).
7
Let q(o) = -o**3 + 7*o**2 - 3*o - 8. Suppose -3*d = -233 - 16. Calculate the remainder when d is divided by q(4).
27
Suppose -c + 3 = -8. Let x = c - 3. What is the remainder when 23 is divided by x?
7
Let k be (-9)/(((-3)/3)/(-1)). Let f = 31 + k. What is the remainder when f is divided by 12?
10
Calculate the remainder when 64 is divided by 2/(5/(260/8)).
12
Suppose -87 = -5*m + 113. Calculate the remainder when m is divided by 14.
12
Let f(b) = b**3 - 8*b**2 + 9*b + 1. What is the remainder when 27 is divided by f(7)?
12
Let c(d) = 9*d - 1. Let s = -320 - -350. What is the remainder when s is divided by c(1)?
6
Let c = 32 - 8. Suppose -3*x - 2*x = 0. Suppose -2*a = 2*d + 2*a - 26, x = -3*d + 2*a + 39. Calculate the remainder when c is divided by d.
11
Let c(s) = s**3 - s**2 + 2*s - 3. Let x be 2/6 + (-10)/(-6). Let m be c(x). Calculate the remainder when 4 is divided by (-10)/(-6) - m/(-15).
0
Let v = 4 - 5. Let o = v + -4. Let k(d) = 2*d**2 + 7*d - 1. Calculate the remainder when 41 is divided by k(o).
13
Let n(g) = 8*g**2 - 5*g + 3. Suppose -2*l + 11 - 5 = 0. Calculate the remainder when n(l) is divided by 21.
18
Let v be 2/(1/4*2). Suppose -3*c - 12 - 15 = -3*f, -v*f + 37 = -3*c. Calculate the remainder when f is divided by 4.
2
What is the remainder when 10 is divided by 4 + (-8 + 9 - (-1)/(-1))?
2
Suppose h - 7*h + 162 = 0. Calculate the remainder when h is divided by 11.
5
Let r = 8 - -66. Calculate the remainder when r is divided by 19.
17
Let h(p) = p**2 - 2. Calculate the remainder when 12/5 + (-4)/10 is divided by h(2).
0
Suppose 630 = 15*t - t. Let g = 3 - -13. Calculate the remainder when t is divided by g.
13
Let i(o) = -3*o - 1. Suppose j + 9 + 1 = 2*w, -2*w + 18 = -3*j. What is the remainder when i(j) is divided by 4?
3
Let o(m) = 7*m. Let t = -8 + 5. Let r be o(t). Let v = 29 + r. Calculate the remainder when 29 is divided by v.
5
Suppose 5*b = 10 + 5. Suppose 9 = b*o - 3. Suppose 19 = z + 5*m, 4 = 3*z + 2*m - 40. Calculate the remainder when z is divided by o.
2
What is the remainder when (-387)/(-5) + 3/5 is divided by 40?
38
Let f(m) = 82*m**2 - 4*m + 1. Suppose 5*c = -4*l + 166, -2*l - 8 = -4*l. Calculate the remainder when f(-1) is divided by c.
27
Let w(v) = v**3 - 9*v**2 + 7. What is the remainder when 27 is divided by w(9)?
6
Suppose s + 50 = 5*o, -34 = -5*o - 5*s + 16. What is the remainder when 26 is divided by o?
6
Let i(y) = -7*y + 4. Suppose 10 = -4*f + 46. Calculate the remainder when i(-3) is divided by f.
7
Suppose -3*o + 88 = -2*o - 3*m, 2*m = -2*o + 160. What is the remainder when o is divided by 15?
7
Suppose -2*l + 11 = -7. Suppose 5*x - l = -4*n, -5*x + 10*x + 5*n = 5. What is the remainder when x is divided by 3?
2
Suppose 11*f - 265 = 6*f. What is the remainder when f is divided by 19?
15
What is the remainder when 8/(-6) + ((-1005)/9)/(-5) is divided by 8?
5
Suppose 6 = -4*r + 7*r. Suppose 2*g - 19 = -5*p, r*p - 70 = -5*g - 12. Calculate the remainder when 45 is divided by g.
9
Let v(j) = -j**3 + 2*j**2 - j - 3. Calculate the remainder when v(-3) is divided by 5*(-5)/(125/(-60)).
9
Suppose 31*w - 26*w = 245. What is the remainder when w is divided by 13?
10
Let d = 28 + -23. Calculate the remainder when 17 is divided by d.
2
Let s be ((-1)/3)/(3/(-27)). Let n be (2 + 1)/(-3)*s. Let l(z) = -z**3 - 3*z**2 - 5*z - 3. Calculate the remainder when l(n) is divided by 7.
5
Suppose 3*h - 6 = 30. Suppose -4*y = -2*y - 46. Calculate the remainder when y is divided by h.
11
Suppose -4*b + 14 = 2*u - 32, 81 = 2*u - 3*b. Calculate the remainder when u is divided by 18.
15
Suppose 4*d = 103 + 5. Calculate the remainder when d is divided by 10.
7
Let k(j) = -4*j**3 - 3*j - 3. Let r be k(-2). Suppose -4*q + 41 = -r. Calculate the remainder when q is divided by 7.
5
Let p = -4 + 4. Suppose 4*g + 26 - 106 = p. What is the remainder when g is divided by 7?
6
Suppose 5*a = -3*g + 58, 12 = -3*g - 0*g. Calculate the remainder when 39 is divided by a.
11
Let c(i) = -3*i + 3. Let r = -8 + 5. Calculate the remainder when (3 - 10/8)*20 is divided by c(r).
11
Suppose -2*x + 43 - 7 = 0. Suppose -6 = 2*m - 3*n + 44, -143 = 5*m - 3*n. Let z = m + 36. What is the remainder when x is divided by z?
3
What is the remainder when (2 - -10) + 3 - 3 is divided by (-5)/(3/6*-2)?
2
Let t be (-24)/(-15)*5/2. Suppose j - x - 33 = 0, 0 = -x + t. Suppose -n + 37 = 5*c, 0*c + j = n + c. What is the remainder when n is divided by 13?
11
Let u(m) = m**2 + 9*m + 2. Let s be u(-8). Let f(t) = -t**2 - 4*t + 1. What is the remainder when f(-3) is divided by 2/(s/(-9) - 0)?
1
Let z = 379 + -206. What is the remainder when z is divided by 44?
41
Let q = -27 + 42. Suppose -5*f = -q, -2*f - 106 = -4*i - 0*i. Calculate the remainder when 55 is divided by i.
27
Let k = -15 - -19. Let h = k + 27. Suppose 3*d + d - 44 = 0. What is the remainder when h is divided by d?
9
Let o = -28 + 66. Suppose 4*t + o = g, 0 = -3*g - 4*t + 9 + 25. What is the remainder when g is divided by 5?
3
What is the remainder when (-14*(-4)/(-8))/((-1)/10) is divided by 18?
16
Suppose -y + 5 = -3*i + 22, 2*y = -4. Calculate the remainder when 7 is divided by (-5)/(-10)*(1 + i).
1
Let j(f) = 17*f**2. Suppose 30 = 4*u - 0*v + 2*v, 0 = -4*u + 5*v - 5. What is the remainder when j(-1) is divided by u?
2
Suppose -2*u + 2*i - 63 = -i, -i = 3*u + 67. Let x = u - -96. What is the remainder when x is divided by 25?
22
Let g = -2 - 2. What is the remainder when 